5938 - 5?
25933
In base 6, what is 1 + -111532?
-111531
In base 16, what is -102 - 23e?
-340
In base 12, what is 5186 - 2?
5184
In base 16, what is -1 + -dc97?
-dc98
In base 12, what is -8 - -45b7?
45ab
In base 11, what is -274 + 5a4?
330
In base 6, what is 454202 - -5?
454211
In base 5, what is 1424102 - -33?
1424140
In base 16, what is -c67b + 1c?
-c65f
In base 4, what is 232003321 - 120?
232003201
In base 10, what is 693 - -10?
703
In base 3, what is 12 + 10020021201?
10020021220
In base 6, what is 5 + -40424?
-40415
In base 16, what is 24e0f + 5?
24e14
In base 2, what is -1 + 111111101011101?
111111101011100
In base 11, what is 28aa0 - 3?
28a98
In base 16, what is -3 + 5f2?
5ef
In base 11, what is 1331083 - -1?
1331084
In base 4, what is 1012 - 31032?
-30020
In base 16, what is -f53be + 4?
-f53ba
In base 15, what is -1158 + 8?
-1150
In base 3, what is -101122 - 110011?
-211210
In base 15, what is -ae - c8?
-187
In base 9, what is 326410 + -3?
326406
In base 4, what is 111132311 + -13?
111132232
In base 11, what is -220 + -1589?
-17a9
In base 4, what is -2 - -11300300?
11300232
In base 9, what is 627338 - 3?
627335
In base 9, what is 5 - 571100?
-571084
In base 10, what is 3 + -1002000?
-1001997
In base 5, what is -14 + 4040123?
4040104
In base 14, what is -b8 - -1154?
107a
In base 16, what is 0 + -40d16?
-40d16
In base 14, what is 311591 - 5?
31158a
In base 14, what is -63 + -494?
-517
In base 8, what is 252 - -1746?
2220
In base 7, what is 621 + -45?
543
In base 5, what is 3 + -130222?
-130214
In base 10, what is -113 + -4807?
-4920
In base 5, what is 4 + 103132102?
103132111
In base 7, what is -3160601 + 1?
-3160600
In base 8, what is -1 - 131664?
-131665
In base 9, what is 1503 - 121?
1372
In base 10, what is 54 - -16136?
16190
In base 3, what is -2021101111 + 10?
-2021101101
In base 15, what is -17c + -8c?
-219
In base 12, what is 6 - 1159?
-1153
In base 3, what is 1102022 - -200?
1102222
In base 16, what is 2b + 11f?
14a
In base 16, what is 8 - 29f7d?
-29f75
In base 14, what is -356 + c91?
939
In base 15, what is -3 - 68a6e?
-68a72
In base 6, what is 11 - -2345405?
2345420
In base 4, what is 1320 - -12210?
20130
In base 4, what is 100103 - 2312?
31131
In base 13, what is 0 - 2344?
-2344
In base 8, what is 17071 + -103?
16766
In base 8, what is 1 - 455352?
-455351
In base 15, what is -21d74 + 2?
-21d72
In base 12, what is -57 - -122?
87
In base 4, what is -22002231 + -200?
-22003031
In base 11, what is 5 + -9411?
-9407
In base 14, what is 17 + -38c3?
-38aa
In base 10, what is 11775 - -3?
11778
In base 13, what is 2976487 - -4?
297648b
In base 12, what is 421 - 32?
3ab
In base 14, what is -4 - 2c894?
-2c898
In base 2, what is -11010111 - -10010010000?
1110111001
In base 8, what is -2062 - 517?
-2601
In base 15, what is 0 - -5adb?
5adb
In base 16, what is 8740 + 12?
8752
In base 5, what is 122 - -31214?
31341
In base 5, what is -13100 - 1402?
-20002
In base 16, what is -3bf7 - -5?
-3bf2
In base 3, what is -1122102111 - -212?
-1122101122
In base 10, what is 434 + -796?
-362
In base 2, what is -1000010000101 + -110010?
-1000010110111
In base 16, what is -53df - -2?
-53dd
In base 8, what is -37403 + 6?
-37375
In base 7, what is 13066 + -2006?
11060
In base 2, what is 101010001 - 10111110?
10010011
In base 8, what is 14000 + 6?
14006
In base 14, what is -bd - 8c1?
-9a0
In base 10, what is -276 + -725?
-1001
In base 10, what is 13 - -7372?
7385
In base 2, what is 0 + 11100101110011101011?
11100101110011101011
In base 3, what is -210 + -2200?
-10110
In base 2, what is 100001 + 11000?
111001
In base 4, what is 31 + 11033302?
11033333
In base 9, what is -2 - 2213708?
-2213711
In base 14, what is -15 + 1730?
1719
In base 5, what is 431103 + 32?
431140
In base 14, what is -4 - 1a97?
-1a9b
In base 16, what is 5469 - -1?
546a
In base 5, what is -10234400 - -4?
-10234341
In base 14, what is -14c - 592?
-700
In base 12, what is 152437 + -1?
152436
In base 14, what is -1600 + 156?
-1488
In base 15, what is 98e + -18?
976
In base 3, what is 1021110 + 111200?
1210010
In base 5, what is -113 - 12243342?
-12244010
In base 11, what is 1a92 - 27?
1a66
In base 7, what is -14636 + 14?
-14622
In base 3, what is 2 + -2020221?
-2020212
In base 2, what is -11100101011 + -1111?
-11100111010
In base 7, what is 1032 - -44614?
45646
In base 6, what is -10422 - 120?
-10542
In base 9, what is 5440 - 104?
5335
In base 11, what is -7386 + 6?
-7380
In base 9, what is 0 + 26457?
26457
In base 5, what is -40 + -3303122?
-3303212
In base 3, what is -212020 - -1000112?
11022
In base 13, what is 1b - 715?
-6c7
In base 6, what is 40 + -5205?
-5125
In base 10, what is 18685 + 4?
18689
In base 7, what is 1664 - -1154?
3151
In base 4, what is -31231121321 - 10?
-31231121331
In base 2, what is -1000110011001 - 11110?
-1000110110111
In base 12, what is -633 + 40?
-5b3
In base 9, what is 2 - -321520?
321522
In base 4, what is -1031 - -20232?
13201
In base 15, what is -260 - 21b?
-47b
In base 16, what is 1606 - -24?
162a
In base 16, what is -18b1 - 2b?
-18dc
In base 5, what is -20332 - -2?
-20330
In base 15, what is 2c9 - -b5?
38e
In base 14, what is -9 + 550?
545
In base 10, what is 71 + 3742?
3813
In base 5, what is 403 - 3123332?
-3122424
In base 3, what is 11 + -22220100000?
-22220022212
In base 3, what is 1 - -1221200001?
1221200002
In base 2, what is -100011 - 110010010001010100?
-110010010001110111
In base 13, what is -7857 + 1?
-7856
In base 3, what is 0 + 102021111012?
102021111012
In base 14, what is 6 - 12a29?
-12a23
In base 8, what is 5025 + -5063?
-36
In base 9, what is 7315 + -8?
7306
In base 14, what is 23133 - -b?
23140
In base 3, what is -110101001 - -101?
-110100200
In base 7, what is -530612 - 2?
-530614
In base 3, what is 12220120101 - 11?
12220120020
In base 5, what is 4 + 2330?
2334
In base 5, what is -21312 + 0?
-21312
In base 13, what is 3b88c + -6?
3b886
In base 2, what is 100001111100010 + 10000001?
100010001100011
In base 10, what is -815135 + -5?
-815140
In base 6, what is 130 + -114?
12
In base 13, what is -1 - -4c1?
4c0
In base 7, what is -5 + -16311?
-16316
In base 5, what is 11111100 + -1?
11111044
In base 9, what is -711 - 43?
-754
In base 9, what is 13 + -474?
-461
In base 16, what is -37cfe3 + -3?
-37cfe6
In base 14, what is -d + 1a4?
195
In base 11, what is -14977 - -44?
-14933
In base 6, what is 223 + 1151?
1414
In base 14, what is -1d2 - 971?
-b63
In base 4, what is -3 - 213202302?
-213202311
In base 12, what is 2148 + 77?
2203
In base 4, what is 122203200 + -11?
122203123
In base 5, what is 100103114 - -4?
100103123
In base 7, what is 1645 + -14?
1631
In base 11, what is 0 - 3688?
-3688
In base 14, what is 48d041 - -3?
48d044
In base 15, what is -19bd - -8?
-19b5
In base 9, what is 2 + 33584?
33586
In base 5, what is 313 - -23100?
23413
In base 2, what is -10101111010100 + 10110?
-10101110111110
In base 15, what is 25 - 192d?
-1908
In base 4, what is 33032130301 - 2?
33032130233
In base 8, what is -21 - 3113?
-3134
In base 7, what is -145005 - -22?
-144653
In base 4, what is 211 + 122211020?
122211231
In base 6, what is 4 - -12404000?
12404004
In base 7, what is -36656 + -346?
-40335
In base 4, what is -130030320 - 32?
-130031012
In base 3, what is 12 + -201200201?
-201200112
In base 2, what is -10 + -1110101010011?
-1110101010101
In base 2, what is 10101 - 101111010101011?
-101111010010110
In base 9, what is -20626 - 101?
-20727
In base 3, what is 20100 - 100?
20000
In base 7, what is 234 - 31220?
-30653
In base 6, what is 42 + -112144?
-112102
In base 3, what is 2 - 112112110200?
-112112110121
In base 3, what is 12011020 + 101121?
12112211
In base 14, what is 9 - -1524?
152d
In base 13, what is -2b1 - -3?
-2ab
In base 5, what is -1422203 - 3?
-1422211
In base 15, what is -4e - -386?
337
In base 10, what is -34 - -61905?
61871
In base 5, what is -13122 - -32?
-13040
In base 12, what is -486 + bb8?
732
In base 5, what is -10412 + -11104?
-22021
In base 9, what is 13185 - -2?
13187
In base 10, what is 1258 - 223?
1035
In base 14, what is 166 + -739?
-5b3
In base 9, what is -404 + 135?
-258
In base 2, what is 1100000001000100 - -1010?
1100000001001110
In base 13, what is -441 + 3b?
-403
In base 16, what is 9 + -1fcc?
-1fc3
In base 11, what is 1